divisor of q and r.
5
Suppose 3*k + 3*m = 0, 3*k - 6*m + m = 32. Calculate the highest common factor of 44 and k.
4
Suppose -3*h + 54 = 12. Let c(r) = r + 7. Let m be c(-5). Suppose 3*n = 2*k - 7*k + 633, 0 = -4*k - m*n + 506. What is the highest common factor of k and h?
14
Let y(m) be the third derivative of 1/6*m**3 - 1/4*m**4 - 2*m**2 + 0*m + 0. Let p be y(-1). Calculate the highest common factor of p and 14.
7
Suppose 2*x = z + 7, 0 = -2*z + 4*z - 2. Suppose 0*f + 20 = x*f. Let o(t) = t - 4. Let l be o(f). What is the greatest common factor of l and 3?
1
Let i = -24 + 56. What is the greatest common factor of 16 and i?
16
Suppose -645 - 59 = -2*i. Suppose 0 = 4*m + 4*a - 352, m - 4*a = -3*m + i. What is the greatest common divisor of 8 and m?
8
Let u = 19 - 15. Calculate the greatest common factor of 1 and u.
1
Suppose -6*z + 0*z = -180. What is the highest common divisor of z and 75?
15
Let b be 120/(-6)*(-6)/2. Calculate the greatest common divisor of 20 and b.
20
Suppose 2*f + 2 = 3*w, -3*w - f - 1 + 9 = 0. Suppose -w*v + 96 = 2*q, -2*v + 249 = 5*q - 0*v. Let c = q - -26. Calculate the greatest common factor of 11 and c.
11
Suppose -8*h + 680 = -3*h. Suppose 0 = u + 3*n - 2*n - 34, 4*u - h = -5*n. Calculate the greatest common divisor of 51 and u.
17
Let r = -5 + 9. Let v(k) = -k**3 + 6*k**2 + 7. Let f be v(6). Let z be 2*f - (-2)/1. Calculate the greatest common factor of z and r.
4
Let a = -35 + 92. Calculate the highest common factor of a and 38.
19
Let w be 3*1/(-12) - (-3843)/12. What is the greatest common factor of 64 and w?
64
Let q = -17 + 30. What is the greatest common factor of q and 13?
13
Suppose 0*y - 3*y + 399 = 0. Calculate the highest common factor of y and 19.
19
Let g(k) = 6*k**2 + k - 4. Let q be g(-2). Let a = q + 15. Calculate the greatest common factor of a and 22.
11
Let i(b) = 4*b**2 - 6*b + 5. Let s be i(4). Let w be 8/(-12) + (-17)/(-3). Calculate the greatest common factor of s and w.
5
Suppose 3*s = 4*s. Suppose -3 = 4*w - w - 4*t, s = -3*t + 9. What is the highest common divisor of w and 9?
3
Let d(y) = y**3 - y**2 - 5*y + 5. Let l be d(4). Let i be (-246)/9*6/(-4). Suppose 2*w - i = 3. Calculate the highest common divisor of w and l.
11
Suppose -7*f + 362 = 110. What is the highest common divisor of f and 180?
36
Suppose 5*h + 32 = 4*v, -3*h - 45 = -5*v + 2*h. What is the greatest common factor of 130 and v?
13
Suppose 2*q - 2*k - 6 = k, -8 = 2*k. Let y be q + -2 + 0 + 61. What is the highest common divisor of y and 14?
14
Suppose m - 14 = d - m, m = -5*d - 103. Let c be d/(-1) - (6 + -3). Let t(n) = 3*n**2 + 3*n - 7. Let f be t(6). Calculate the highest common factor of c and f.
17
Suppose -3*s + 10 = -5. Suppose 30 = s*u - 10. What is the highest common factor of 20 and u?
4
Let q be 3/2*(-148)/(-3). Let t = q - 50. What is the greatest common factor of 12 and t?
12
Let v(p) = -p**2 + 3*p + 6. Let g be v(6). Let h be -3*4/6 - g. Calculate the highest common divisor of 5 and h.
5
Suppose 53 = q + 15. Let l be (1 + 4)*q/5. Let b = l + -23. What is the greatest common divisor of b and 6?
3
Let t(j) = -j**2 - 17*j. Let n = 11 + -21. Let m be t(n). What is the greatest common divisor of 28 and m?
14
Let x = 3 - 5. Let v be (x/(-3))/((-4)/(-6)). Let o = 0 + v. What is the highest common factor of 1 and o?
1
Let m(n) = n**3 + 3*n**2 - 3*n - 2. Let u be m(-3). What is the highest common divisor of 1 and u?
1
Let r = 116 + 20. Let h = r - 81. Let j(k) = -k + 5. Let a be j(-6). Calculate the highest common factor of a and h.
11
Let j = 13 - 49. Let s be 128/9 - (-8)/j. Suppose -3*c + s = -2*c. Calculate the highest common divisor of c and 154.
14
Let n(k) = 19*k**2 - 2*k + 1. Let d be n(1). Suppose -2*q + d = -q. What is the highest common divisor of q and 27?
9
Let m(z) = -2*z**3 - 4*z**2 - 3*z. Let d be m(-2). Calculate the greatest common divisor of d and 24.
6
Suppose -3*b + 434 - 20 = 0. Let n = b + -54. Let i(d) = 3*d**3 - 3*d**2. Let j be i(2). Calculate the greatest common divisor of n and j.
12
Let m(j) = -10*j + 10. Let n be m(-2). Let a(x) = 23*x - 1. Let i be a(2). What is the greatest common factor of i and n?
15
Let r = -14 - -15. What is the greatest common factor of r and 9?
1
Suppose 5*o = -25, -4*s - 4*o + 0*o - 8 = 0. Suppose -s*j + 0*j = v - 21, 4*v = 5*j - 1. What is the highest common divisor of v and 18?
6
Let q(c) be the first derivative of -c**4/4 - 3*c**3 + 13*c + 6. Let k be q(-9). Calculate the greatest common divisor of 52 and k.
13
Let a = 4 + 0. What is the greatest common factor of a and 12?
4
Let p = -91 + 93. Calculate the greatest common factor of p and 14.
2
Let n(i) = 3*i**3 - 3*i**2 - 5*i + 2. Let z be n(4). Calculate the highest common divisor of z and 14.
14
Suppose 2*x = -3*q + 20, -4*x - 4*q + q + 40 = 0. Let g = 0 + 0. Let p be (g/2 - 1) + 91. What is the greatest common factor of p and x?
10
Let g = 59 - 43. What is the greatest common divisor of g and 8?
8
Let g(w) be the third derivative of w**6/120 - w**5/30 - w**4/4 + 2*w**3/3 - 8*w**2. Let a be g(4). What is the highest common factor of 30 and a?
6
Let z = 165 - 157. What is the greatest common divisor of z and 20?
4
Suppose 0 = -4*h - h + 5. Let o be 0 - (-4 + h - 1). Calculate the greatest common factor of 20 and o.
4
Let h = -553 + 867. Suppose -q + 391 = 4*q + 3*d, -4*q - 3*d + h = 0. Calculate the greatest common factor of q and 7.
7
Suppose -5*l + 40 = -2*x, 0*x = -4*l + 5*x + 32. Calculate the greatest common divisor of 40 and l.
8
Let s = 192 - 42. What is the highest common divisor of s and 15?
15
Let l(n) = n**3 + 6*n**2 - 4. Let i be l(-4). What is the greatest common factor of 7 and i?
7
Suppose 9 = 4*p - 19. Calculate the highest common factor of 1 and p.
1
Suppose 0*h = -2*h. Suppose h = -2*o - o + 120. What is the greatest common factor of o and 16?
8
Suppose 0 = -5*h + 2*h - 3*i + 21, -3*i = -2*h - 1. Let q be (-368)/(-26) - h/26. Calculate the greatest common factor of q and 14.
14
Suppose 0 = 3*a + a + 12. Let r be a - 0 - (-50)/2. Calculate the greatest common divisor of r and 11.
11
Suppose 3*j - 69 - 3 = 0. Let n be 4/(-10) + 72/30. Suppose y - j = -n*y. Calculate the greatest common factor of 16 and y.
8
Suppose 20*x - 18*x = 738. Calculate the highest common divisor of 41 and x.
41
Let g(v) = 1 + 2*v**2 + 7 - 11*v - v**2 - 2*v**2. Let b be g(-11). What is the highest common divisor of b and 56?
8
Let b = -193 + 277. Calculate the highest common divisor of b and 12.
12
Let i = 4 + -6. Let s(n) be the first derivative of -11*n**2/2 - 2*n + 5. Let z be s(i). What is the greatest common divisor of 8 and z?
4
Let y(g) = 3*g - 7. Let m be y(5). Let c(u) = -u**2 + 10*u - 1. Let x be c(9). Calculate the highest common divisor of x and m.
8
Let i(x) = -2*x + 3. Let b be i(-2). What is the greatest common factor of 63 and b?
7
Suppose -6*u = -5*u + 13. Let k be (2 + u/3)*-9. Calculate the highest common factor of k and 7.
7
Let a(p) = -4*p + 1. Let t be a(-2). Suppose -2*k = k + t. Let j = k - -4. What is the highest common factor of j and 10?
1
Let d(x) = -x - 1. Let k be d(-5). Let r = 8 + k. Suppose -14 = 4*f - 46. What is the highest common divisor of r and f?
4
Suppose -3*b = k - 20, 4*k + 5*b - 6 = 74. What is the greatest common divisor of 140 and k?
20
Let k(t) = t - 6. Let a be k(9). Suppose -i - 2*i + 22 = -4*c, 0 = -a*i - c + 32. What is the highest common divisor of 80 and i?
10
Suppose 0 = 4*r - 16 - 16. Calculate the highest common factor of 8 and r.
8
Let t be -19*1*(-7 + 6). Let n = 8 + t. What is the greatest common factor of 3 and n?
3
Suppose -7 = -4*c + 5. Suppose 0 = c*n - 8 + 2. Let g(t) = 5*t**2 + 2*t. Let v be g(-2). Calculate the greatest common divisor of v and n.
2
Let q be 2 - 5/((-10)/(-6)). Let c = 5 + q. Suppose y = -t + 2*t, -3*y + 21 = c*t. Calculate the highest common divisor of 6 and t.
3
Let f(a) = a + 13. Let q be f(8). Calculate the greatest common divisor of q and 147.
21
Let i(n) = -2*n - 1. Let g be i(4). Let c be (-2)/(-2 - 12/g). What is the highest common factor of 3 and c?
3
Let y = 22 - 10. Suppose 19*p + 48 = 23*p. What is the greatest common divisor of p and y?
12
Let r(b) = -9*b**2 - 14*b + 21. Let w(t) = 4*t**2 + 7*t - 10. Let u(d) = -3*r(d) - 7*w